0. Suppose -5*b + 141 = k, b - 32 = -k - m*k. What is the greatest common factor of b and 70?
14
Let d be -23*((-206)/12 + 25/150). Calculate the highest common divisor of d and 23.
23
Let w(s) = 3*s - 14. Let k be w(6). Let n be 134 - (k + (3 - 8)). Calculate the highest common divisor of 27 and n.
27
Suppose -2*s - l + 144 = 0, -5*l = -s + 44 + 6. What is the greatest common factor of 28 and s?
14
Let a(v) = 2*v**3 - 9*v - 3*v**3 + 32*v**2 - 42*v**2 + 15. Let g be a(-9). What is the highest common divisor of 105 and g?
15
Let y(p) = 4*p**2 + 2*p - 1. Let m be y(1). Suppose -m*j + 400 = -j + 4*a, 4*j - 2*a = 430. What is the highest common factor of 42 and j?
21
Suppose -4*x = -85 - 23. Suppose r - 2 = 7*m - 9*m, -r = -3*m + 13. Calculate the highest common factor of x and m.
3
Let w(f) = -f**3 - f + 4. Let o be w(0). Let j(z) = -z**2 + 4*z - 1. Let i be j(o). Let d be (-158)/(-10) - i/5. Calculate the highest common factor of d and 4.
4
Let a = 147 - 136. Let s be (-5)/(-3)*(31 + 2). Calculate the highest common divisor of s and a.
11
Suppose -m - 32 = -4*o, 3*o - 1 = -m - 4*m. Suppose 68 = 2*j - 2. Calculate the greatest common divisor of j and o.
7
Suppose 0 = -2*a - 10, 3*n + 5*a - 4*a = 100. What is the greatest common factor of 245 and n?
35
Let q be 24/10 - ((-168)/30 - -6). Let u be (q - (-14)/(-4))/((-15)/50). What is the highest common divisor of u and 5?
5
Let x = -4045 + 6818. Calculate the greatest common divisor of 47 and x.
47
Suppose 2*l - 5*j = 20, 3*l - 3*j = -2*j + 4. Suppose w + 5 = 2*c, -2*c + l = 5*w + 1. Calculate the highest common factor of c and 1.
1
Suppose 62 - 287 = -15*k. What is the greatest common divisor of k and 195?
15
Suppose 0 = -k + 153 + 17. Calculate the greatest common divisor of k and 34.
34
Suppose -5*k + 13 = -7. Suppose 2*r - 32 = -k. Suppose -2*m = 2*j - 50, 0*m + m = -2*j + 46. What is the highest common factor of j and r?
7
Suppose 5*k + 0*r = -3*r + 3, 4*r - 4 = 0. Suppose 2*y - 68 + 48 = k. Calculate the greatest common factor of y and 25.
5
Suppose 4*x = -5*n + 207, -5*x + 6 = -3*x. Let o(l) = 75*l**2 + 1796*l - 83. Let p be o(-24). Calculate the greatest common factor of n and p.
13
Suppose -150 = -6*i + i. Let j = i - 22. Let m be 0 + -1 + (-42)/(-2). Calculate the highest common divisor of m and j.
4
Let b = -5 + 68. Let n be -1*(19/7 - 2/(-7)). Let a be (-62)/n + (-3)/(-9). What is the highest common divisor of b and a?
21
Suppose d - 3*d - 5*t = -2088, 2*d = 5*t + 2108. Let z = d - 709. Calculate the greatest common factor of 20 and z.
20
Suppose 2*d = 5*m - 3*m + 26, 3*d + 4*m = 39. Suppose 11*k - d*k - 6 = 0. Let b(n) = -20*n - 5. Let i be b(k). Calculate the highest common factor of i and 11.
11
Suppose 200 = -2*s + 6*s. What is the greatest common divisor of 250 and s?
50
Suppose 2*y = 5 - 1. Suppose 2*u - y = k, -k + 4*u + 1 = 7. What is the greatest common factor of 22 and k?
2
Let r = 201 - 81. What is the highest common factor of r and 15?
15
Let z = -45 + 99. Let o = z - 30. Suppose 9 = 4*b - 3. What is the highest common divisor of o and b?
3
Suppose 3*j + 2 = 8. Let g be 3 - 0*(-1 + j). Suppose a + 33 - 148 = l, l + g = 0. Calculate the greatest common factor of a and 28.
28
Suppose 10 = 5*m, 2*m = i - 3*m - 179. What is the highest common divisor of i and 27?
27
Let g = -156 + 165. Let n = 31 + -4. Calculate the highest common factor of n and g.
9
Suppose -26*r - 4*r + 3600 = 0. What is the highest common divisor of r and 780?
60
Let c = -16 + 37. Let s = -419 - -433. Calculate the highest common divisor of c and s.
7
Suppose 0 = 2*l - 13 - 23. Let m(f) = -f**2 - 11*f + 2. Let j be m(-11). Suppose -j*g - g + 162 = 0. What is the greatest common factor of g and l?
18
Let r = 3 - -19. Let p(a) = -2*a**3 - 95*a**2 - 44*a + 143. Let y be p(-47). Calculate the highest common divisor of y and r.
2
Suppose 0 = -6*y + 24 - 0. What is the greatest common factor of y and 44?
4
Let g be -11 + 3 - (0 + -14). What is the highest common divisor of 162 and g?
6
Let z(v) = -32*v - 144. Let a(b) = -11*b - 48. Let p(n) = -17*a(n) + 6*z(n). Let l be p(-11). Calculate the highest common divisor of l and 63.
7
Let j be 1/((-3 + 1)/(-8)). Let a = 1 + j. Let p(b) = -3*b**3 - 7*b**2 - 4*b - 5. Let y be p(-3). Calculate the greatest common factor of y and a.
5
Suppose w + 0*q - 2*q - 2 = 0, -14 = 5*w + 2*q. Let c be -2*w/2 - -7. What is the greatest common divisor of 3 and c?
3
Suppose -29*m + 15*m = -56. Calculate the highest common factor of 244 and m.
4
Let x be 8/(-10) - (-114)/30. Let k(v) = v**2 - 2. Let h be k(2). Suppose -2*j + h*f + 2*f = 14, -f = x*j - 7. What is the highest common factor of 5 and j?
1
Suppose -16 = 2*n - 5*a, -2*a - a + 14 = n. Suppose 0 = -0*k - n*k + 2. Suppose g + 44*g = 225. Calculate the greatest common divisor of g and k.
1
Let k = -320 - -527. What is the highest common divisor of 9 and k?
9
Let g(w) = -4*w + 1. Let c = 7 + -8. Let u be g(c). Suppose 3*d + 23 - 8 = 0, u*v - d - 55 = 0. Calculate the highest common divisor of v and 40.
10
Let x(l) = -14*l + 16. Let d be x(-20). What is the highest common divisor of d and 8?
8
Let q(u) = -u + 2. Let k be q(0). Let n be -3 + 0 + k + 27. Let d = n - 13. What is the greatest common factor of 13 and d?
13
Let o be (-4)/(-10) - 1664/(-40). Suppose -3*s - o = -s. Let q = s + 27. What is the greatest common factor of q and 30?
6
Suppose 9*y - 35 = 1. Suppose -28*c + 720 = -y*c. Suppose 4*m - 24 = -3*b, 2 + 1 = -m. What is the greatest common factor of b and c?
6
Let m be -5 + 1 + -2 + 26. Let r be ((-16)/m)/((-4)/90). Calculate the highest common factor of 18 and r.
18
Suppose 62 = 3*r + 5*v, 35*v = 2*r + 38*v - 40. What is the highest common divisor of r and 672?
14
Let g = 208 + -194. What is the highest common divisor of g and 350?
14
Suppose 3204 = -60*k + 62*k - 4*x, 0 = -5*k - 2*x + 8046. What is the highest common factor of 24 and k?
24
Let q be (-1380)/135 - -14 - 2/(-9). Let x(n) = n**3 - 7*n**2 + 8*n - 2. Let l be x(6). What is the highest common factor of l and q?
2
Let r = -3 + -1. Let f = -39 - r. Let q = 7 - f. What is the highest common divisor of q and 6?
6
Let r(f) = -f**2 - f + 2. Let n(p) = -5 - 12 - p + 17 - 15. Let w be n(-15). Let q be r(w). What is the highest common divisor of q and 6?
2
Let y = -1629 - -1644. Suppose 420 = 4*l + 2*m - 5*m, 4*m - 105 = -l. Calculate the highest common divisor of y and l.
15
Let d(n) = 4*n + 111. Let u be d(-22). What is the greatest common divisor of 253 and u?
23
Let x be (2 - 1)/(6/1518*1). Calculate the highest common divisor of x and 23.
23
Let c be (-6)/(-1) - (-18 - 20). Let g be -12 + 2 + 1 + 3. Let f be ((-4)/(-6))/(g/(-99)). What is the greatest common factor of f and c?
11
Let t(n) = 32*n - 88. Let u be t(7). Calculate the greatest common factor of u and 34.
34
Suppose -2*f + 57 - 9 = 0. Let i = 40 - f. Let a = -2014 - -2018. What is the highest common divisor of a and i?
4
Let p = 246 - 230. Calculate the highest common divisor of 1744 and p.
16
Let g(u) = -67*u**2 - 3*u + 2. Let f be g(1). Let o be 5/(-15) + f/(-6). Let v = 61 + o. Calculate the highest common divisor of v and 12.
12
Let a = 801 - 502. What is the greatest common factor of a and 69?
23
Let n(x) = -x**3 + 8*x**2 - 34*x - 202. Let y be n(-5). Calculate the greatest common divisor of 1 and y.
1
Suppose 0 = 57*m - 48*m - 216. What is the highest common factor of 64 and m?
8
Suppose 117 - 9 = 12*l. Calculate the greatest common factor of l and 171.
9
Suppose -3*s - 57 = -282. Let k = s - 52. What is the highest common factor of k and 184?
23
Suppose 0 = -p + 6*p - 95. Suppose -267 = 3*n + 3*x, -5*n - 87 = -5*x + 348. Let m be 9/(-6)*(2 - n/(-6)). What is the greatest common factor of m and p?
19
Suppose 0 = -6*k + k + 4*w + 8, -5*k + 5*w + 5 = 0. Let c = 7 - k. Suppose -32 = -c*r + v, 2*v = -0*r + 2*r - 24. What is the highest common factor of 40 and r?
10
Let o be 4/(12/21)*1. Let c = o - 5. Suppose 4*j + 5*n - 45 = 0, -4*j + 15 = -c*j + n. What is the greatest common factor of 25 and j?
5
Suppose -1 = 2*x - 5. Let z(v) = -v**3 + 8*v**2 + v - 11. Let c be z(8). Let i be x + -5*(c + 1). What is the greatest common divisor of i and 6?
6
Let w be (-1729)/(-8) - (-80)/(-640). Let q = 11 - -16